Let r be u + (2 - (-2 - 23)). What is the highest common divisor of r and 60?
12
Suppose 15 + 61 = 4*x - 4*r, x + 3*r - 39 = 0. Suppose -5*a + u + 43 = 8, -4*u = -2*a + 32. Calculate the highest common divisor of x and a.
6
Let t be ((-9)/(-4))/((-12)/(-608)). Let d be (-1)/(3/t*-2). Suppose 18*w = 21*w - 228. Calculate the highest common divisor of d and w.
19
Let m be 4*(-19)/(-2) + (-3 - 2). What is the highest common factor of m and 33?
33
Let n be 2/((-2 - 0) + 4). Let i be 4/n + (0 - 1). Suppose 105 = -2*t + 7*t. What is the greatest common factor of i and t?
3
Suppose -60 = -8*x - 8 + 52. Let z = -9 - -61. What is the greatest common factor of z and x?
13
Suppose 19*a - 1848 = 7*a. What is the highest common divisor of a and 44?
22
Suppose 0 = -x + 1 - 11. Let g be -25*(8/x)/2. Calculate the greatest common factor of g and 20.
10
Let v = -21 + 372. Calculate the highest common divisor of 13 and v.
13
Suppose -222 = -2*g - 2*g + 2*a, -5*a = g - 50. Let x be 5 - 2 - (0 + 0). Let h = 8 + x. What is the highest common divisor of g and h?
11
Let r(p) = -11*p + 2. Let j be r(-5). Let a be j + (3 + 0)*-1 + 0. Calculate the greatest common factor of a and 6.
6
Suppose -3*q + 57 = -0*q. Let a = -217 - -121. Let n = a + 191. Calculate the greatest common factor of q and n.
19
Suppose 320 = 5*y + 2*g + 3*g, 0 = y + 3*g - 56. Let h = 75 - y. Calculate the greatest common divisor of h and 14.
7
Let z(o) = -4 + o - 12*o + 6 - 1. Let k be z(-1). Let v be 54*(2 + 8/k). What is the greatest common divisor of v and 16?
16
Let g(t) = t**2 + 7*t + 58. Let q be g(10). Calculate the greatest common factor of 57 and q.
57
Let d = -4 + 105. Suppose -97*a + d*a - 120 = 0. What is the highest common factor of a and 50?
10
Let n be 74 + -4 + 4 + 0 + -2. Let f = -60 + n. What is the greatest common divisor of 48 and f?
12
Let j(c) = -c**2 - 12*c + 17. Let m be j(-13). Suppose 15 = f + m*f. Suppose f*y = 7*y - 320. What is the greatest common factor of y and 16?
16
Suppose -2*a + 8*o + 170 = 4*o, 0 = -3*o - 15. Calculate the greatest common divisor of 45 and a.
15
Suppose 2*l - 102 = l. Let n be (-2)/4 + l/12. Calculate the highest common divisor of n and 40.
8
Let u(k) = 64*k**3 + 3*k**2 + 2. Let b be u(3). Let w be (-2)/13 - 4/((-52)/b). Calculate the highest common factor of w and 45.
45
Suppose 0 = 7*i - 4*i - 15. Suppose -i*z + 8 + 2 = 0. Suppose -4*m = 3*y - 17, -2*y = m - z*m - 26. What is the highest common factor of 99 and y?
11
Let x = 123 + -6. Suppose -2*t - t + 4*r + x = 0, -3*r - 44 = -t. What is the highest common factor of t and 5?
5
Let q(c) be the second derivative of -c**5/20 - c**4/3 + c**3/3 - 7*c**2/2 - 10*c. Let k be q(-5). What is the highest common divisor of k and 40?
8
Suppose 11*u = 10*u + 2. Suppose -84 = -u*z - 4*z. Calculate the greatest common factor of 126 and z.
14
Suppose -c = 2*f - 641 - 196, -3*c = f - 421. What is the highest common factor of 22 and f?
22
Let a = -21 - -49. Let g = 3224 - 3070. Calculate the greatest common factor of a and g.
14
Let x(p) = 53*p + 10. Let y be x(2). Let s = y - 35. What is the highest common factor of s and 9?
9
Let c be (-344)/(-34) - 76/646. What is the highest common factor of c and 65?
5
Suppose 6*w - 15 = 2*t + w, t + 4*w = 25. Suppose -6*u + 320 = -u - t*j, -5*j + 192 = 3*u. Calculate the highest common divisor of 8 and u.
8
Suppose -5*u = -6*u + 32. Suppose 0 = -9*c + 48 + 24. Calculate the greatest common factor of c and u.
8
Suppose 3*a + a - 4*v = 4, 0 = 3*a - 4*v + 2. Let j be 7*(216/28)/a. What is the highest common divisor of j and 36?
9
Suppose 6*a - 36 = 36. Let f = -2 + a. What is the greatest common factor of f and 100?
10
Suppose -51*o = -1013 - 1588. Suppose 5*f = -v + 88, -3*f + 2*v + 54 = 3*v. What is the greatest common divisor of f and o?
17
Suppose -9 - 3 = -3*y. Suppose -7 - 3 = 2*b. Let d(v) = -v**3 - 3*v**2 + 3*v + 1. Let q be d(b). Calculate the highest common factor of q and y.
4
Suppose 0*k - 744 = -3*k. Let r = 353 - k. Suppose -220 - r = -5*q. Calculate the highest common divisor of 13 and q.
13
Let v be ((-477)/(-15))/3 + (-48)/80. Calculate the highest common factor of v and 80.
10
Let p = -869 - -924. Calculate the greatest common divisor of p and 341.
11
Let j = 713 + -681. Calculate the greatest common divisor of 72 and j.
8
Let l = 755 - 700. What is the highest common factor of l and 40?
5
Let d = 2137 - 2125. Calculate the highest common divisor of d and 2316.
12
Let h = 300 - -246. What is the highest common factor of h and 390?
78
Suppose 0 = -4*z + 145 - 25. What is the highest common factor of 75 and z?
15
Let n = 3 + 2. Suppose 0 = -n*r + 1 + 934. Calculate the highest common factor of r and 17.
17
Let b(y) = 2*y**2 - 7*y - 14. Let z be b(-11). Suppose z + 83 = -4*g. Let u = g + 136. What is the highest common divisor of 13 and u?
13
Suppose 5*i + 0 = 10. Suppose -i = -f + 2. Suppose 8*l + 15 = 3*l, 222 = 3*s + f*l. Calculate the highest common factor of s and 26.
26
Let u(d) = 38*d + 214. Let m be u(-5). Let h = 201 + -137. What is the highest common factor of m and h?
8
Let d(x) = x**2 + 13*x - 136. Let n be d(14). Calculate the highest common factor of 176 and n.
22
Let k = 18 - -23. Suppose 9*i - k = 85. Calculate the highest common factor of i and 112.
14
Let r(u) = -2*u - 7. Let l = -12 - -6. Let q be r(l). Let f be (2/(-9))/(86/(-774)). What is the greatest common divisor of q and f?
1
Suppose j - 2*p - 22 = 0, -j - 7*p = -3*p - 4. Calculate the highest common factor of 144 and j.
16
Let p(f) = -f**3 - f. Let m be p(-2). Let u = -475 + 535. What is the highest common factor of m and u?
10
Let k be 9*(-4)/(-12)*17. Let l = 17 + -11. Suppose 0 = 3*y + 5*j - 112, -l*y - 2*j = -3*y - 106. What is the greatest common factor of k and y?
17
Let v = -1032 + 1040. Suppose 8*s = 3*s + 105. Let c = s - -3. Calculate the highest common factor of v and c.
8
Let k = 426 - 422. Let p = -18 - -98. Suppose 2*t = -0*v + 2*v + p, -2*v = -4*t + 152. Calculate the highest common divisor of t and k.
4
Suppose -4*u = -k - 39, -17*u + 19*u = k + 17. Suppose -4*v = -3*f + 2*f - 839, -v = 2*f - 203. Calculate the greatest common factor of u and v.
11
Let u(o) = -11*o**2 + 13 + 6*o + o - 3*o**3 + 4*o**3. Let n be u(11). Let g be (-1 + 11)/(20/n). What is the greatest common divisor of 5 and g?
5
Let u(w) = w**3 - w**2 - 38*w + 110. Let x be u(8). Calculate the highest common factor of x and 2413.
127
Let q = 52 + -32. Let w = 69 - 19. What is the greatest common factor of w and q?
10
Suppose -2*n - 19 = -123. Let x = 2518 - 2479. Calculate the greatest common divisor of x and n.
13
Let p = -6 + 11. Suppose -4*r = -4, -r + 2*r = -p*a + 11. Let g be (2 + (4 - 4))/(2/10). What is the highest common divisor of a and g?
2
Let v(z) = -z + 24. Let j be v(-6). Let f = -9 + j. Calculate the greatest common factor of 84 and f.
21
Suppose 0 = -b + 3*s + 24, -4*b + 2*s = -2*s - 56. Suppose 45 = -230*g + 231*g. Calculate the greatest common divisor of b and g.
9
Suppose -t - 4*w - 37 = -2*t, 5*t + 3*w = 208. What is the highest common divisor of 1681 and t?
41
Let r(w) = w**3 - 10*w**2 + 9*w + 2. Let v be r(9). Suppose 25 = -v*s + 81. Let h = 188 + s. Calculate the greatest common divisor of h and 24.
24
Let a be 6/(-9) + (-182)/(-3). Suppose 0*l + 2*n + 5 = -l, -3*n - 15 = 0. Suppose 89 = 7*h + l. Calculate the greatest common divisor of a and h.
12
Let q = 629 - 368. Let n be 31 - (2 + -4)*-1. What is the greatest common factor of n and q?
29
Let t(d) = 3*d + 18. Let q be t(-6). Suppose -5*g - 2*r + r = -125, -5*g + 5*r + 95 = q. What is the greatest common factor of 24 and g?
24
Let x be -3 + 0 + 1 + (-5400)/135. Let b(c) = 15*c + 8. Let k be b(6). Let s = x + k. Calculate the greatest common divisor of 28 and s.
28
Let p(i) = -14*i + 36. Let v be p(0). Calculate the highest common divisor of v and 48.
12
Let i(y) = 34*y**3 - 3*y**2 - 4*y + 5. Let n be i(1). Let t be ((-8)/(-10))/((-2)/(-120)). Calculate the highest common factor of t and n.
16
Let b be 2/12 + (-2 - (-2420)/24). Calculate the highest common divisor of 11 and b.
11
Suppose 3*b = -3 + 6. Let x be b - 1 - 35*-2. Suppose 2*h - 16 = -2*d, -22*d + 24*d = -h + 6. Calculate the greatest common factor of h and x.
10
L